{"id":27,"date":"2016-10-18T17:01:49","date_gmt":"2016-10-18T17:01:49","guid":{"rendered":"http:\/\/benzer-stickereien.at\/wordpress\/?page_id=27"},"modified":"2023-03-14T16:59:17","modified_gmt":"2023-03-14T16:59:17","slug":"ueberuns","status":"publish","type":"page","link":"http:\/\/www.benzer-stickereien.at\/wordpress\/?page_id=27","title":{"rendered":"\u00dcber Uns"},"content":{"rendered":"\n<p>Der Betrieb wurde am 23. Juli 1915 von Martin Benzer mit 2 Plauner VC gegr\u00fcndet und kurze Zeit sp\u00e4ter von Herrn Karl Benzer sen. \u00fcbernommen. 1980 \u00dcbergab er die Stickerei mit bereits 12 Stickmaschinen seiner Frau Maria Benzer. <\/p>\n\n\n\n<p>F\u00fcnf Jahre sp\u00e4ter (1985) kam der Stickereibetrieb in die H\u00e4nde ihres Sohnes Karl Martin Benzer. Dieser erweiterte den Betrieb mit neuen Maschinen der Marke Saurer und vergr\u00f6\u00dferte das Firmengeb\u00e4ude. <\/p>\n\n\n\n<p>Aktuell wird ausschlie\u00dflich mit Saurer Stickmaschinen produziert.<\/p>\n\n\n<div id=\"pl-gb27-69f5d29a040d8\"  class=\"panel-layout\" ><div id=\"pg-gb27-69f5d29a040d8-0\"  class=\"panel-grid panel-has-style\" ><div style=\"padding: 100px 0; \" data-overlay=\"true\" class=\"panel-row-style panel-row-style-for-gb27-69f5d29a040d8-0\" ><div id=\"pgc-gb27-69f5d29a040d8-0-0\"  class=\"panel-grid-cell\" ><div id=\"panel-gb27-69f5d29a040d8-0-0-0\" class=\"so-panel widget widget_media_gallery panel-first-child panel-last-child\" data-index=\"0\" ><div style=\"text-align: left;\" data-title-color=\"#443f3f\" data-headings-color=\"#443f3f\" class=\"panel-widget-style panel-widget-style-for-gb27-69f5d29a040d8-0-0-0\" ><div id='gallery-1' class='gallery galleryid-27 gallery-columns-2 gallery-size-medium'><figure class='gallery-item'>\n\t\t\t<div class='gallery-icon landscape'>\n\t\t\t\t<a href='http:\/\/www.benzer-stickereien.at\/wordpress\/wp-content\/uploads\/foto1.jpg'><img width=\"300\" height=\"186\" src=\"http:\/\/www.benzer-stickereien.at\/wordpress\/wp-content\/uploads\/foto1-300x186.jpg\" class=\"attachment-medium size-medium\" alt=\"\" decoding=\"async\" loading=\"lazy\" srcset=\"http:\/\/www.benzer-stickereien.at\/wordpress\/wp-content\/uploads\/foto1-300x186.jpg 300w, http:\/\/www.benzer-stickereien.at\/wordpress\/wp-content\/uploads\/foto1-230x143.jpg 230w, http:\/\/www.benzer-stickereien.at\/wordpress\/wp-content\/uploads\/foto1-350x217.jpg 350w, http:\/\/www.benzer-stickereien.at\/wordpress\/wp-content\/uploads\/foto1.jpg 351w\" sizes=\"(max-width: 300px) 100vw, 300px\" \/><\/a>\n\t\t\t<\/div><\/figure><figure class='gallery-item'>\n\t\t\t<div class='gallery-icon landscape'>\n\t\t\t\t<a href='http:\/\/www.benzer-stickereien.at\/wordpress\/wp-content\/uploads\/Bild4.jpg'><img width=\"256\" height=\"178\" src=\"http:\/\/www.benzer-stickereien.at\/wordpress\/wp-content\/uploads\/Bild4.jpg\" class=\"attachment-medium size-medium\" alt=\"\" decoding=\"async\" loading=\"lazy\" srcset=\"http:\/\/www.benzer-stickereien.at\/wordpress\/wp-content\/uploads\/Bild4.jpg 256w, http:\/\/www.benzer-stickereien.at\/wordpress\/wp-content\/uploads\/Bild4-230x160.jpg 230w\" sizes=\"(max-width: 256px) 100vw, 256px\" \/><\/a>\n\t\t\t<\/div><\/figure><figure class='gallery-item'>\n\t\t\t<div class='gallery-icon portrait'>\n\t\t\t\t<a href='http:\/\/www.benzer-stickereien.at\/wordpress\/wp-content\/uploads\/Bild.jpg'><img width=\"209\" height=\"300\" src=\"http:\/\/www.benzer-stickereien.at\/wordpress\/wp-content\/uploads\/Bild-209x300.jpg\" class=\"attachment-medium size-medium\" alt=\"\" decoding=\"async\" loading=\"lazy\" srcset=\"http:\/\/www.benzer-stickereien.at\/wordpress\/wp-content\/uploads\/Bild-209x300.jpg 209w, http:\/\/www.benzer-stickereien.at\/wordpress\/wp-content\/uploads\/Bild-230x329.jpg 230w, http:\/\/www.benzer-stickereien.at\/wordpress\/wp-content\/uploads\/Bild.jpg 259w\" sizes=\"(max-width: 209px) 100vw, 209px\" \/><\/a>\n\t\t\t<\/div><\/figure><figure class='gallery-item'>\n\t\t\t<div class='gallery-icon landscape'>\n\t\t\t\t<a href='http:\/\/www.benzer-stickereien.at\/wordpress\/wp-content\/uploads\/foto3.jpg'><img width=\"300\" height=\"197\" src=\"http:\/\/www.benzer-stickereien.at\/wordpress\/wp-content\/uploads\/foto3-300x197.jpg\" class=\"attachment-medium size-medium\" alt=\"\" decoding=\"async\" loading=\"lazy\" srcset=\"http:\/\/www.benzer-stickereien.at\/wordpress\/wp-content\/uploads\/foto3-300x197.jpg 300w, http:\/\/www.benzer-stickereien.at\/wordpress\/wp-content\/uploads\/foto3-230x151.jpg 230w, http:\/\/www.benzer-stickereien.at\/wordpress\/wp-content\/uploads\/foto3-350x230.jpg 350w, http:\/\/www.benzer-stickereien.at\/wordpress\/wp-content\/uploads\/foto3.jpg 368w\" sizes=\"(max-width: 300px) 100vw, 300px\" \/><\/a>\n\t\t\t<\/div><\/figure><figure class='gallery-item'>\n\t\t\t<div class='gallery-icon portrait'>\n\t\t\t\t<a href='http:\/\/www.benzer-stickereien.at\/wordpress\/wp-content\/uploads\/17.jpg'><img width=\"194\" height=\"300\" src=\"http:\/\/www.benzer-stickereien.at\/wordpress\/wp-content\/uploads\/17-194x300.jpg\" class=\"attachment-medium size-medium\" alt=\"\" decoding=\"async\" loading=\"lazy\" srcset=\"http:\/\/www.benzer-stickereien.at\/wordpress\/wp-content\/uploads\/17-194x300.jpg 194w, http:\/\/www.benzer-stickereien.at\/wordpress\/wp-content\/uploads\/17-230x356.jpg 230w, http:\/\/www.benzer-stickereien.at\/wordpress\/wp-content\/uploads\/17.jpg 251w\" sizes=\"(max-width: 194px) 100vw, 194px\" \/><\/a>\n\t\t\t<\/div><\/figure>\n\t\t<\/div>\n<\/div><\/div><\/div><\/div><\/div><\/div>","protected":false},"excerpt":{"rendered":"<p>Der Betrieb wurde am 23. Juli 1915 von Martin Benzer mit 2 Plauner VC gegr\u00fcndet und kurze Zeit sp\u00e4ter von Herrn Karl Benzer sen. \u00fcbernommen. 1980 \u00dcbergab er die Stickerei mit bereits 12 Stickmaschinen seiner Frau Maria Benzer. F\u00fcnf Jahre sp\u00e4ter (1985) kam der Stickereibetrieb in die H\u00e4nde ihres Sohnes Karl Martin Benzer. Dieser erweiterte [&hellip;]<\/p>\n","protected":false},"author":1,"featured_media":0,"parent":0,"menu_order":0,"comment_status":"closed","ping_status":"closed","template":"page-templates\/page_fullwidth.php","meta":[],"_links":{"self":[{"href":"http:\/\/www.benzer-stickereien.at\/wordpress\/index.php?rest_route=\/wp\/v2\/pages\/27"}],"collection":[{"href":"http:\/\/www.benzer-stickereien.at\/wordpress\/index.php?rest_route=\/wp\/v2\/pages"}],"about":[{"href":"http:\/\/www.benzer-stickereien.at\/wordpress\/index.php?rest_route=\/wp\/v2\/types\/page"}],"author":[{"embeddable":true,"href":"http:\/\/www.benzer-stickereien.at\/wordpress\/index.php?rest_route=\/wp\/v2\/users\/1"}],"replies":[{"embeddable":true,"href":"http:\/\/www.benzer-stickereien.at\/wordpress\/index.php?rest_route=%2Fwp%2Fv2%2Fcomments&post=27"}],"version-history":[{"count":9,"href":"http:\/\/www.benzer-stickereien.at\/wordpress\/index.php?rest_route=\/wp\/v2\/pages\/27\/revisions"}],"predecessor-version":[{"id":124,"href":"http:\/\/www.benzer-stickereien.at\/wordpress\/index.php?rest_route=\/wp\/v2\/pages\/27\/revisions\/124"}],"wp:attachment":[{"href":"http:\/\/www.benzer-stickereien.at\/wordpress\/index.php?rest_route=%2Fwp%2Fv2%2Fmedia&parent=27"}],"curies":[{"name":"wp","href":"https:\/\/api.w.org\/{rel}","templated":true}]}}

Über Uns

<p>Der Betrieb wurde am 23. Juli 1915 von Martin Benzer mit 2 Plauner VC gegründet und kurze Zeit später von Herrn Karl Benzer sen. übernommen. 1980 Übergab er die Stickerei mit bereits 12 Stickmaschinen seiner Frau Maria Benzer. </p>



<p>Fünf Jahre später (1985) kam der Stickereibetrieb in die Hände ihres Sohnes Karl Martin Benzer. Dieser erweiterte den Betrieb mit neuen Maschinen der Marke Saurer und vergrößerte das Firmengebäude. </p>



<p>Aktuell wird ausschließlich mit Saurer Stickmaschinen produziert.</p>


<div id="pl-gb27-69f5d29a040d8"  class="panel-layout" ><div id="pg-gb27-69f5d29a040d8-0"  class="panel-grid panel-has-style" ><div style="padding: 100px 0; " data-overlay="true" class="panel-row-style panel-row-style-for-gb27-69f5d29a040d8-0" ><div id="pgc-gb27-69f5d29a040d8-0-0"  class="panel-grid-cell" ><div id="panel-gb27-69f5d29a040d8-0-0-0" class="so-panel widget widget_media_gallery panel-first-child panel-last-child" data-index="0" ><div style="text-align: left;" data-title-color="#443f3f" data-headings-color="#443f3f" class="panel-widget-style panel-widget-style-for-gb27-69f5d29a040d8-0-0-0" ><div id='gallery-1' class='gallery galleryid-27 gallery-columns-2 gallery-size-medium'><figure class='gallery-item'>
			<div class='gallery-icon landscape'>
				<a href='http://www.benzer-stickereien.at/wordpress/wp-content/uploads/foto1.jpg'><img width="300" height="186" src="http://www.benzer-stickereien.at/wordpress/wp-content/uploads/foto1-300x186.jpg" class="attachment-medium size-medium" alt="" decoding="async" loading="lazy" srcset="http://www.benzer-stickereien.at/wordpress/wp-content/uploads/foto1-300x186.jpg 300w, http://www.benzer-stickereien.at/wordpress/wp-content/uploads/foto1-230x143.jpg 230w, http://www.benzer-stickereien.at/wordpress/wp-content/uploads/foto1-350x217.jpg 350w, http://www.benzer-stickereien.at/wordpress/wp-content/uploads/foto1.jpg 351w" sizes="(max-width: 300px) 100vw, 300px" /></a>
			</div></figure><figure class='gallery-item'>
			<div class='gallery-icon landscape'>
				<a href='http://www.benzer-stickereien.at/wordpress/wp-content/uploads/Bild4.jpg'><img width="256" height="178" src="http://www.benzer-stickereien.at/wordpress/wp-content/uploads/Bild4.jpg" class="attachment-medium size-medium" alt="" decoding="async" loading="lazy" srcset="http://www.benzer-stickereien.at/wordpress/wp-content/uploads/Bild4.jpg 256w, http://www.benzer-stickereien.at/wordpress/wp-content/uploads/Bild4-230x160.jpg 230w" sizes="(max-width: 256px) 100vw, 256px" /></a>
			</div></figure><figure class='gallery-item'>
			<div class='gallery-icon portrait'>
				<a href='http://www.benzer-stickereien.at/wordpress/wp-content/uploads/Bild.jpg'><img width="209" height="300" src="http://www.benzer-stickereien.at/wordpress/wp-content/uploads/Bild-209x300.jpg" class="attachment-medium size-medium" alt="" decoding="async" loading="lazy" srcset="http://www.benzer-stickereien.at/wordpress/wp-content/uploads/Bild-209x300.jpg 209w, http://www.benzer-stickereien.at/wordpress/wp-content/uploads/Bild-230x329.jpg 230w, http://www.benzer-stickereien.at/wordpress/wp-content/uploads/Bild.jpg 259w" sizes="(max-width: 209px) 100vw, 209px" /></a>
			</div></figure><figure class='gallery-item'>
			<div class='gallery-icon landscape'>
				<a href='http://www.benzer-stickereien.at/wordpress/wp-content/uploads/foto3.jpg'><img width="300" height="197" src="http://www.benzer-stickereien.at/wordpress/wp-content/uploads/foto3-300x197.jpg" class="attachment-medium size-medium" alt="" decoding="async" loading="lazy" srcset="http://www.benzer-stickereien.at/wordpress/wp-content/uploads/foto3-300x197.jpg 300w, http://www.benzer-stickereien.at/wordpress/wp-content/uploads/foto3-230x151.jpg 230w, http://www.benzer-stickereien.at/wordpress/wp-content/uploads/foto3-350x230.jpg 350w, http://www.benzer-stickereien.at/wordpress/wp-content/uploads/foto3.jpg 368w" sizes="(max-width: 300px) 100vw, 300px" /></a>
			</div></figure><figure class='gallery-item'>
			<div class='gallery-icon portrait'>
				<a href='http://www.benzer-stickereien.at/wordpress/wp-content/uploads/17.jpg'><img width="194" height="300" src="http://www.benzer-stickereien.at/wordpress/wp-content/uploads/17-194x300.jpg" class="attachment-medium size-medium" alt="" decoding="async" loading="lazy" srcset="http://www.benzer-stickereien.at/wordpress/wp-content/uploads/17-194x300.jpg 194w, http://www.benzer-stickereien.at/wordpress/wp-content/uploads/17-230x356.jpg 230w, http://www.benzer-stickereien.at/wordpress/wp-content/uploads/17.jpg 251w" sizes="(max-width: 194px) 100vw, 194px" /></a>
			</div></figure>
		</div>
</div></div></div></div></div></div>

<p>Der Betrieb wurde am 23. Juli 1915 von Martin Benzer mit 2 Plauner VC gegründet und kurze Zeit später von Herrn Karl Benzer sen. übernommen. 1980 Übergab er die Stickerei mit bereits 12 Stickmaschinen seiner Frau Maria Benzer. Fünf Jahre später (1985) kam der Stickereibetrieb in die Hände ihres Sohnes Karl Martin Benzer. Dieser erweiterte [&hellip;]</p>
